 factors of i(t)?
2, 7
Suppose -5*f = 13*f - 33192. Suppose 6*s - 772 - f = 0. List the prime factors of s.
2, 109
What are the prime factors of 3 + -2 + 20561 - (-28 - -22)?
2, 3, 857
Suppose -229939 + 853115 = 122*p. List the prime factors of p.
2, 1277
Let b = -127 - -127. Suppose 4*n - 99 + 75 = b. List the prime factors of n.
2, 3
Suppose i + 43024 = 4*u, 0 = -8*u + 11*u - 4*i - 32281. What are the prime factors of u?
3, 5, 239
Let t = 74 + -71. Suppose 26 = 3*d - t*m + 2*m, 2*d - 6 = -5*m. Suppose 6*s + 130 = d*s. What are the prime factors of s?
5, 13
Suppose 0 = -0*k + 4*k + 184. Let j = 22 + k. List the prime factors of (-78)/(-4)*(-80)/j.
5, 13
Suppose -55778*f + 55777*f + 9042 = 0. List the prime factors of f.
2, 3, 11, 137
Suppose -8 = -7*u + 13. Let f = u + -5. What are the prime factors of -31*3/(-5 - f)?
31
Suppose -2*q - 2*q = -3*k - 16751, -5*q = k + 5552. Let l = -3908 - k. Suppose a - 2*j = 191, -5*a - 5*j = -l + 699. List the prime factors of a.
193
Suppose -236*c + 796225 + 1683586 = -2397837. List the prime factors of c.
2, 5167
Suppose -487*i = -483*i + 700. Let d = 587 + i. What are the prime factors of d?
2, 103
Let n(i) = -24097*i - 3235. List the prime factors of n(-2).
44959
Let z = -90 + 91. What are the prime factors of z/10 + 2769/10?
277
Suppose -x - x + 14 = -5*k, -7 = -x + 5*k. What are the prime factors of (2657 + -1)/(-4 + x + -1)?
2, 83
Let y be 6/9 - (-14)/6. Suppose 5*i - o - o = 397, 3*i + o = 247. Suppose m + v = y*v + i, 0 = -m + v + 82. What are the prime factors of m?
83
Let i = -188 + -185. Let s = 173 + i. Let b = -101 - s. List the prime factors of b.
3, 11
List the prime factors of 9/36*79124 - 17.
2, 3, 61
Let i(t) = 4*t**3 + 2*t**2 + 1. Let w be i(-2). Let h = -27 - w. What are the prime factors of (5/h + 6)*(0 - -20)?
5, 19
Suppose 4*w + 24 = -2*l + 376, -528 = -3*l + 3*w. Suppose -y - 3*y + l = -2*p, 2*y + 3*p = 104. List the prime factors of y.
2, 23
Let g(q) = 1926*q**2 + 424*q + 1666. List the prime factors of g(-4).
2, 3, 7, 733
Suppose -g = 4 - 34. Let q be 131/(g/(-40)*(-2)/3). Suppose j = -j + q. What are the prime factors of j?
131
List the prime factors of 54/(-9)*(-27750)/36.
5, 37
What are the prime factors of 1663 + -5 + (-54)/18?
5, 331
Let z(o) = -o**3 - 2*o**2 + 7. Suppose 14 = -3*b - 28. Let n be 28/b + (0 - 0) + -1. List the prime factors of z(n).
2
Let a = -4317 - -5885. List the prime factors of a.
2, 7
List the prime factors of (-17 + 41 + -79)*(-405 - 1)/2.
5, 7, 11, 29
Let h(l) = 92*l - 2927. What are the prime factors of h(38)?
569
Suppose 0 = -312*l + 323*l - 131384. List the prime factors of l.
2, 1493
Suppose -5*y + 3598 = 2*f + 528, -3*f = -5*y - 4555. Let z = -505 + f. List the prime factors of z.
2, 3, 5, 17
Suppose 117 = -66*g - 147. Let p(t) be the first derivative of -t**4/2 - t**3 + 2*t**2 + 2*t + 2. List the prime factors of p(g).
2, 3, 11
Suppose 28*x - 2*h - 5 = 23*x, x = -2*h - 11. List the prime factors of (x + (0 - -5))*(-1188)/(-72).
2, 3, 11
Let h(b) = -5*b**3 + 6*b**2 + 3 - 8 - 6 + 3*b + 6*b**3. Let t be h(-5). What are the prime factors of (-1)/2 + 834/4 - t?
11, 19
What are the prime factors of (1098/15 - 0)/((-69)/(-460))?
2, 61
What are the prime factors of (-1130)/6*612/(-20)?
3, 17, 113
Let s(a) = 280*a - 1942. List the prime factors of s(26).
2, 17, 157
Let a(x) = -x**3 + 26*x**2 + 14*x - 30. Let k be (51 + -64)*2*-1. List the prime factors of a(k).
2, 167
Let w = 112 + -110. Suppose 0 = 3*j + 3*a - 27, -2 = w*a - 0*a. Let y(q) = 2*q**3 - 20*q**2 + 2*q + 14. What are the prime factors of y(j)?
2, 17
Let o = -772 - -7003. What are the prime factors of o?
3, 31, 67
Let a(y) = y**3 + 4*y**2 - 5*y + 21. Suppose 30*s + 280 = 37*s. Suppose 15 = -2*m - d + 6*d, 0 = -5*m - 3*d + s. List the prime factors of a(m).
13, 17
Let l(a) = -10378*a + 49. List the prime factors of l(-1).
10427
Let k = 12415 - 11259. List the prime factors of k.
2, 17
Suppose 0 = 2*o + 5*l - 0*l - 665, 5*l + 25 = 0. Suppose 6 = 5*g - 7*g, 3*p + 4*g + o = 0. What are the prime factors of 152/19*p/(-4)?
2, 3, 37
Suppose 17*u - 104 + 342 = 0. List the prime factors of ((-6)/4)/(u/616).
2, 3, 11
Let x = -7 + 15. Let u(d) = 12*d**3 - 3*d**2 + 2*d. Let j be u(2). Suppose -6*z + x*z - j = 0. List the prime factors of z.
2, 11
Let d = -110 + 80. What are the prime factors of 1655/d*-4*9/6?
331
List the prime factors of 26/39 + (-119408)/(-24).
2, 311
Let r(c) be the second derivative of c**4/4 - c**3/3 - 11*c**2 - 2*c. Suppose -3 = n - 13. List the prime factors of r(n).
2, 3, 43
Let a be 0/(3 - 5 - -1). Suppose -4*f - v + 1024 = a, 4*f - 5*v = 798 + 250. What are the prime factors of f?
257
Let a(h) be the first derivative of -3*h**2 - 1/4*h**4 + 11*h + 18 + 5*h**3. What are the prime factors of a(14)?
3, 41
Let v(i) = -2*i**2 - 17*i - 26. Let g be v(-6). Suppose g*k + 5*c = 4316, -25*k + c - 1079 = -26*k. What are the prime factors of k?
13, 83
Suppose -19*r = -38*r - 152. Let f(m) = -m**3 + 11*m - 13. List the prime factors of f(r).
3, 137
Suppose 4*h - 28838 = -2*z, 3*z - 32651 - 10585 = -3*h. What are the prime factors of z?
5, 43, 67
Let u(f) = f**2 - 17*f + 45. Let b be u(3). Suppose b*o = -3, -362 = -5*l - 2*o + 4*o. What are the prime factors of l?
2, 3
Let v = 59759 - 39389. What are the prime factors of v?
2, 3, 5, 7, 97
What are the prime factors of (-988)/6916 + 319845/7?
2, 11423
List the prime factors of 3723/(-30)*-5*6.
3, 17, 73
Let r(q) be the first derivative of -q**4/4 - q**3/3 - q**2 + 428*q - 40. What are the prime factors of r(0)?
2, 107
Let d(o) = 76*o + 14. Let j(y) = -116*y - 21. Let q(z) = -8*d(z) - 5*j(z). Suppose 9 = -0*l - 3*l. List the prime factors of q(l).
7, 11
Suppose 25*g + 40830 - 106580 = 0. Suppose -g + 731 = -3*a. What are the prime factors of a?
3, 211
Suppose 615 = 3*x - 6*x - 3*t, 0 = x - t + 201. Let h = -120 - x. Suppose 5*k + 0*y = -3*y + 415, -k + h = -3*y. List the prime factors of k.
83
Let i(l) = -l**3 - 6*l**2 + 9*l + 17. Let z(y) = 7*y**2 - 8*y - 16. Let w(h) = -2*i(h) - 3*z(h). List the prime factors of w(6).
2, 79
Let x(u) = 7*u + 10. Suppose 2*n = h - 3 - 35, 5*h - 226 = -2*n. Let b = -31 + h. List the prime factors of x(b).
101
Suppose -h = -5*h. Suppose 2*f = -w - 5, -45 = -5*w + 6*f - 2*f. Suppose h = -w*a + 42 + 63. List the prime factors of a.
3, 7
Let a be ((-242)/(-8))/(1/4). Suppose v = 5*k + a, 3*v + k = -0*k + 283. List the prime factors of v/(-20) + 5 + (-84)/(-5).
17
Suppose 4*c - 12510 = -5*o + 17375, 4*o - 23912 = -4*c. List the prime factors of o.
3, 11, 181
Suppose 0 = -3*i - k + 20907, -5*i + 5*k - 2577 + 37402 = 0. What are the prime factors of i?
2, 13, 67
Suppose 8*f = -4*f + 58794 + 20358. What are the prime factors of f?
2, 17, 97
Let f = 621 + -619. Suppose 24*s - 4466 = f*s. What are the prime factors of s?
7, 29
Let w(v) = -4*v**3 - v**2 - 4*v - 40. Let a be w(-6). Suppose a = 2*f + 380. List the prime factors of f.
2, 3
Let y = 70467 + -33788. What are the prime factors of y?
43, 853
What are the prime factors of (-3033330)/(-40) + (-12)/(-16) - (-2 + 4)?
2, 9479
Let p(r) = 4*r**3 - 3*r**2 + 5*r + 1. Suppose -a - 3*a - 4*l = -16, -l = 1. What are the prime factors of p(a)?
11, 41
Let g(x) = 4*x**3 - 3*x**2 + x + 2. Let u be (2 + 35/(-10))*(3 + -5). Let w be g(u). Suppose -24*a + 23*a = -w. What are the prime factors of a?
2, 43
Let k = 289 - 171. Let i = 141 - k. What are the prime factors of i?
23
Suppose -22*p - 2448 = -18*p. Let g = p - -847. What are the prime factors of g?
5, 47
Suppose -10*b - 373 + 1213 = 0. Let u = b + -80. Suppose 0*c = -2*o + c + 33, 2*o - u*c - 24 = 0. List the prime factors of o.
2, 3
List the prime factors of -2*(-7 - (-11 - -3))*-6145.
2, 5, 1229
Let a = -37 + -236. Let z = 106 - a. What are the prime factors of z?
379
Let f(i) = -6*i**2 - 39*i + 19. Let u be f(-6). Suppose -2*k + 81 = u. List the prime factors of k.
2, 11
Let g(s) = 3*s**3 - 2*s + 3618. Let z be g(0). Let p = z + -2119. List the prime factors of p.
1499
Suppose -2*n - 2*l = 3*l - 51105, 0 = 7*n + 2*l - 178976. List the prime factors of n.
2, 5, 2557
Let i(a) = -a**2 + 13*a + 10. Let j be i(14). List the prime factors of (8 - 12)/(j/782*1).
2, 17, 23
Suppose r = 4*x + 10099, -2225 + 22383 = 2*r + 2*x. List